{"id":317,"date":"2020-01-07T01:37:17","date_gmt":"2020-01-07T00:37:17","guid":{"rendered":"https:\/\/katzemall.store\/?page_id=317"},"modified":"2020-01-07T01:55:42","modified_gmt":"2020-01-07T00:55:42","slug":"die-wendemuetze","status":"publish","type":"page","link":"https:\/\/katzemall.store\/?page_id=317","title":{"rendered":"Die Wendem\u00fctze"},"content":{"rendered":"\n<p>Die erste Katzemall Wendem\u00fctze entstand bereits 2011 w\u00e4hrend Mathias Studienzeit in Kufstein. Als er einen Kommilitonen beim H\u00e4keln einer M\u00fctze beobachtete dauerte es nicht lange, bis er sich selbst eine M\u00fctze h\u00e4kelte. Schon bald fragten Freunde ob sie  auch eine M\u00fctze in dieser oder jener Farbe bekommen k\u00f6nnten.  So wurde aus einer M\u00fctze schnell zwei und aus zwei schnell viele. <\/p>\n\n\n\n<p>Schnell stellte sich die Fragen nach einem Logo und einem Namen und so wurde aus Matze Karl schnell Katzemall und aus einigen Skizzen und Gebr\u00e4uen das Katzemall Logo entworfen. <\/p>\n\n\n\n<figure class=\"wp-block-gallery columns-3 is-cropped wp-block-gallery-1 is-layout-flex wp-block-gallery-is-layout-flex\"><ul class=\"blocks-gallery-grid\"><li class=\"blocks-gallery-item\"><figure><img loading=\"lazy\" decoding=\"async\" width=\"720\" height=\"960\" src=\"https:\/\/katzemall.store\/wordpress\/wp-content\/uploads\/2020\/01\/397646_502327526475155_2067358195_n.jpg\" alt=\"Katzemall erste M\u00fctzen 2012\" data-id=\"321\" data-full-url=\"https:\/\/katzemall.store\/wordpress\/wp-content\/uploads\/2020\/01\/397646_502327526475155_2067358195_n.jpg\" data-link=\"https:\/\/katzemall.store\/?attachment_id=321\" class=\"wp-image-321\" srcset=\"https:\/\/katzemall.store\/wordpress\/wp-content\/uploads\/2020\/01\/397646_502327526475155_2067358195_n.jpg 720w, https:\/\/katzemall.store\/wordpress\/wp-content\/uploads\/2020\/01\/397646_502327526475155_2067358195_n-225x300.jpg 225w, https:\/\/katzemall.store\/wordpress\/wp-content\/uploads\/2020\/01\/397646_502327526475155_2067358195_n-416x555.jpg 416w\" sizes=\"auto, (max-width: 720px) 100vw, 720px\" \/><\/figure><\/li><li class=\"blocks-gallery-item\"><figure><img loading=\"lazy\" decoding=\"async\" width=\"173\" height=\"210\" src=\"https:\/\/katzemall.store\/wordpress\/wp-content\/uploads\/2020\/01\/kopf-schwarz-1.png\" alt=\"Katzemall Kopf schwarz\" data-id=\"324\" data-full-url=\"https:\/\/katzemall.store\/wordpress\/wp-content\/uploads\/2020\/01\/kopf-schwarz-1.png\" data-link=\"https:\/\/katzemall.store\/?attachment_id=324\" class=\"wp-image-324\"\/><\/figure><\/li><li class=\"blocks-gallery-item\"><figure><img loading=\"lazy\" decoding=\"async\" width=\"1024\" height=\"1024\" src=\"https:\/\/katzemall.store\/wordpress\/wp-content\/uploads\/2020\/01\/2018-06-09-18.04.23-1798016262866758230_7438267835-1024x1024.jpg\" alt=\"Katzemall Wolle\" data-id=\"203\" data-full-url=\"https:\/\/katzemall.store\/wordpress\/wp-content\/uploads\/2020\/01\/2018-06-09-18.04.23-1798016262866758230_7438267835.jpg\" data-link=\"https:\/\/katzemall.store\/?attachment_id=203\" class=\"wp-image-203\" srcset=\"https:\/\/katzemall.store\/wordpress\/wp-content\/uploads\/2020\/01\/2018-06-09-18.04.23-1798016262866758230_7438267835-1024x1024.jpg 1024w, https:\/\/katzemall.store\/wordpress\/wp-content\/uploads\/2020\/01\/2018-06-09-18.04.23-1798016262866758230_7438267835-300x300.jpg 300w, https:\/\/katzemall.store\/wordpress\/wp-content\/uploads\/2020\/01\/2018-06-09-18.04.23-1798016262866758230_7438267835-150x150.jpg 150w, https:\/\/katzemall.store\/wordpress\/wp-content\/uploads\/2020\/01\/2018-06-09-18.04.23-1798016262866758230_7438267835-768x768.jpg 768w, https:\/\/katzemall.store\/wordpress\/wp-content\/uploads\/2020\/01\/2018-06-09-18.04.23-1798016262866758230_7438267835-324x324.jpg 324w, https:\/\/katzemall.store\/wordpress\/wp-content\/uploads\/2020\/01\/2018-06-09-18.04.23-1798016262866758230_7438267835-416x416.jpg 416w, https:\/\/katzemall.store\/wordpress\/wp-content\/uploads\/2020\/01\/2018-06-09-18.04.23-1798016262866758230_7438267835-100x100.jpg 100w, https:\/\/katzemall.store\/wordpress\/wp-content\/uploads\/2020\/01\/2018-06-09-18.04.23-1798016262866758230_7438267835.jpg 1080w\" sizes=\"auto, (max-width: 1024px) 100vw, 1024px\" \/><\/figure><\/li><\/ul><\/figure>\n\n\n\n<p>Nach einigen Jahren, der Unternehmensgr\u00fcndung und zahlreichen H\u00e4kel-stunden kahmen durch gl\u00fcckliche Umst\u00e4nde 63 kg Kolumbianische Wolle in unserer H\u00e4nde. Sie enth\u00e4lt 15% Alpaka und 5 % Baumwolle und kann w\u00e4rmen, atmen, ist weich und besticht durch die nat\u00fcrlichen Farbt\u00f6ne. Nun begann die anhaltende Entwicklung unserer M\u00fctzenmaschine. Das Teil l\u00e4uft mittlerweile, ist ein wenig zickig aber kann uns gut bei unserer Arbeit unterst\u00fctzen! <\/p>\n\n\n\n<figure class=\"wp-block-gallery columns-3 is-cropped wp-block-gallery-2 is-layout-flex wp-block-gallery-is-layout-flex\"><ul class=\"blocks-gallery-grid\"><li class=\"blocks-gallery-item\"><figure><img loading=\"lazy\" decoding=\"async\" width=\"718\" height=\"718\" src=\"https:\/\/katzemall.store\/wordpress\/wp-content\/uploads\/2020\/01\/2018-05-11-11.37.08-1776802862455574726_7438267835.jpg\" alt=\"Katzemall Fadenf\u00fchrun II\" data-id=\"225\" data-full-url=\"https:\/\/katzemall.store\/wordpress\/wp-content\/uploads\/2020\/01\/2018-05-11-11.37.08-1776802862455574726_7438267835.jpg\" data-link=\"https:\/\/katzemall.store\/?attachment_id=225\" class=\"wp-image-225\" srcset=\"https:\/\/katzemall.store\/wordpress\/wp-content\/uploads\/2020\/01\/2018-05-11-11.37.08-1776802862455574726_7438267835.jpg 718w, https:\/\/katzemall.store\/wordpress\/wp-content\/uploads\/2020\/01\/2018-05-11-11.37.08-1776802862455574726_7438267835-300x300.jpg 300w, https:\/\/katzemall.store\/wordpress\/wp-content\/uploads\/2020\/01\/2018-05-11-11.37.08-1776802862455574726_7438267835-150x150.jpg 150w, https:\/\/katzemall.store\/wordpress\/wp-content\/uploads\/2020\/01\/2018-05-11-11.37.08-1776802862455574726_7438267835-324x324.jpg 324w, https:\/\/katzemall.store\/wordpress\/wp-content\/uploads\/2020\/01\/2018-05-11-11.37.08-1776802862455574726_7438267835-416x416.jpg 416w, https:\/\/katzemall.store\/wordpress\/wp-content\/uploads\/2020\/01\/2018-05-11-11.37.08-1776802862455574726_7438267835-100x100.jpg 100w\" sizes=\"auto, (max-width: 718px) 100vw, 718px\" \/><\/figure><\/li><li class=\"blocks-gallery-item\"><figure><img loading=\"lazy\" decoding=\"async\" width=\"1024\" height=\"1024\" src=\"https:\/\/katzemall.store\/wordpress\/wp-content\/uploads\/2020\/01\/2018-05-28-01.44.53-1788825957219380568_7438267835-1024x1024.jpg\" alt=\"\" data-id=\"218\" data-full-url=\"https:\/\/katzemall.store\/wordpress\/wp-content\/uploads\/2020\/01\/2018-05-28-01.44.53-1788825957219380568_7438267835.jpg\" data-link=\"https:\/\/katzemall.store\/?attachment_id=218\" class=\"wp-image-218\" srcset=\"https:\/\/katzemall.store\/wordpress\/wp-content\/uploads\/2020\/01\/2018-05-28-01.44.53-1788825957219380568_7438267835-1024x1024.jpg 1024w, https:\/\/katzemall.store\/wordpress\/wp-content\/uploads\/2020\/01\/2018-05-28-01.44.53-1788825957219380568_7438267835-300x300.jpg 300w, https:\/\/katzemall.store\/wordpress\/wp-content\/uploads\/2020\/01\/2018-05-28-01.44.53-1788825957219380568_7438267835-150x150.jpg 150w, https:\/\/katzemall.store\/wordpress\/wp-content\/uploads\/2020\/01\/2018-05-28-01.44.53-1788825957219380568_7438267835-768x768.jpg 768w, https:\/\/katzemall.store\/wordpress\/wp-content\/uploads\/2020\/01\/2018-05-28-01.44.53-1788825957219380568_7438267835-324x324.jpg 324w, https:\/\/katzemall.store\/wordpress\/wp-content\/uploads\/2020\/01\/2018-05-28-01.44.53-1788825957219380568_7438267835-416x416.jpg 416w, https:\/\/katzemall.store\/wordpress\/wp-content\/uploads\/2020\/01\/2018-05-28-01.44.53-1788825957219380568_7438267835-100x100.jpg 100w, https:\/\/katzemall.store\/wordpress\/wp-content\/uploads\/2020\/01\/2018-05-28-01.44.53-1788825957219380568_7438267835.jpg 1080w\" sizes=\"auto, (max-width: 1024px) 100vw, 1024px\" \/><\/figure><\/li><li class=\"blocks-gallery-item\"><figure><img loading=\"lazy\" decoding=\"async\" width=\"1024\" height=\"1019\" src=\"https:\/\/katzemall.store\/wordpress\/wp-content\/uploads\/2020\/01\/2018-04-20-16.11.54-1761720864024803080_7438267835-1024x1019.jpg\" alt=\"Katzemall Maschine\" data-id=\"232\" data-full-url=\"https:\/\/katzemall.store\/wordpress\/wp-content\/uploads\/2020\/01\/2018-04-20-16.11.54-1761720864024803080_7438267835.jpg\" data-link=\"https:\/\/katzemall.store\/?attachment_id=232\" class=\"wp-image-232\" srcset=\"https:\/\/katzemall.store\/wordpress\/wp-content\/uploads\/2020\/01\/2018-04-20-16.11.54-1761720864024803080_7438267835-1024x1019.jpg 1024w, https:\/\/katzemall.store\/wordpress\/wp-content\/uploads\/2020\/01\/2018-04-20-16.11.54-1761720864024803080_7438267835-300x300.jpg 300w, https:\/\/katzemall.store\/wordpress\/wp-content\/uploads\/2020\/01\/2018-04-20-16.11.54-1761720864024803080_7438267835-150x150.jpg 150w, https:\/\/katzemall.store\/wordpress\/wp-content\/uploads\/2020\/01\/2018-04-20-16.11.54-1761720864024803080_7438267835-768x764.jpg 768w, https:\/\/katzemall.store\/wordpress\/wp-content\/uploads\/2020\/01\/2018-04-20-16.11.54-1761720864024803080_7438267835-416x414.jpg 416w, https:\/\/katzemall.store\/wordpress\/wp-content\/uploads\/2020\/01\/2018-04-20-16.11.54-1761720864024803080_7438267835-100x100.jpg 100w, https:\/\/katzemall.store\/wordpress\/wp-content\/uploads\/2020\/01\/2018-04-20-16.11.54-1761720864024803080_7438267835.jpg 1080w\" sizes=\"auto, (max-width: 1024px) 100vw, 1024px\" \/><\/figure><\/li><\/ul><\/figure>\n\n\n\n<p>Die M\u00fctzen die nun produziert werden  sind gestrickt und k\u00f6nnen dadurch beidseitig designed werden. St\u00fclpt man den unteren Teil der M\u00fctze beim Tragen um k\u00f6nnen gar 4 verschiedene Designs aus einer M\u00fctze herausgeholt werden. Durch die Kombination von verschiedenen Farbstr\u00e4ngen und das beidseitige stricken sind schon zahlreiche farbenfrohe, und verr\u00fcckte M\u00fctzen entstanden. Die Kolumbianische Wolle harmoniert dank ihrer Alpaka Fasern in allen Farben. So sind fast alle Farbkombinationen denkbar und irgendwie ist jede einmalig und faszinierend.  <\/p>\n\n\n\n<figure class=\"wp-block-gallery columns-3 is-cropped wp-block-gallery-3 is-layout-flex wp-block-gallery-is-layout-flex\"><ul class=\"blocks-gallery-grid\"><li class=\"blocks-gallery-item\"><figure><img loading=\"lazy\" decoding=\"async\" width=\"1024\" height=\"1024\" src=\"https:\/\/katzemall.store\/wordpress\/wp-content\/uploads\/2020\/01\/2018-11-24-18.18.27-1919815871853986461_7438267835-1024x1024.jpg\" alt=\"Katezmall Pierre\" data-id=\"187\" data-full-url=\"https:\/\/katzemall.store\/wordpress\/wp-content\/uploads\/2020\/01\/2018-11-24-18.18.27-1919815871853986461_7438267835.jpg\" data-link=\"https:\/\/katzemall.store\/?attachment_id=187\" class=\"wp-image-187\" srcset=\"https:\/\/katzemall.store\/wordpress\/wp-content\/uploads\/2020\/01\/2018-11-24-18.18.27-1919815871853986461_7438267835-1024x1024.jpg 1024w, https:\/\/katzemall.store\/wordpress\/wp-content\/uploads\/2020\/01\/2018-11-24-18.18.27-1919815871853986461_7438267835-300x300.jpg 300w, https:\/\/katzemall.store\/wordpress\/wp-content\/uploads\/2020\/01\/2018-11-24-18.18.27-1919815871853986461_7438267835-150x150.jpg 150w, https:\/\/katzemall.store\/wordpress\/wp-content\/uploads\/2020\/01\/2018-11-24-18.18.27-1919815871853986461_7438267835-768x768.jpg 768w, https:\/\/katzemall.store\/wordpress\/wp-content\/uploads\/2020\/01\/2018-11-24-18.18.27-1919815871853986461_7438267835-324x324.jpg 324w, https:\/\/katzemall.store\/wordpress\/wp-content\/uploads\/2020\/01\/2018-11-24-18.18.27-1919815871853986461_7438267835-416x416.jpg 416w, https:\/\/katzemall.store\/wordpress\/wp-content\/uploads\/2020\/01\/2018-11-24-18.18.27-1919815871853986461_7438267835-100x100.jpg 100w, https:\/\/katzemall.store\/wordpress\/wp-content\/uploads\/2020\/01\/2018-11-24-18.18.27-1919815871853986461_7438267835.jpg 1080w\" sizes=\"auto, (max-width: 1024px) 100vw, 1024px\" \/><\/figure><\/li><li class=\"blocks-gallery-item\"><figure><img loading=\"lazy\" decoding=\"async\" width=\"398\" height=\"575\" src=\"https:\/\/katzemall.store\/wordpress\/wp-content\/uploads\/2020\/01\/Tragevarianten_snip.png\" alt=\"Katzemall Wendisch Tragweisen\" data-id=\"249\" data-full-url=\"https:\/\/katzemall.store\/wordpress\/wp-content\/uploads\/2020\/01\/Tragevarianten_snip.png\" data-link=\"https:\/\/katzemall.store\/?attachment_id=249\" class=\"wp-image-249\" srcset=\"https:\/\/katzemall.store\/wordpress\/wp-content\/uploads\/2020\/01\/Tragevarianten_snip.png 398w, https:\/\/katzemall.store\/wordpress\/wp-content\/uploads\/2020\/01\/Tragevarianten_snip-208x300.png 208w\" sizes=\"auto, (max-width: 398px) 100vw, 398px\" \/><\/figure><\/li><li class=\"blocks-gallery-item\"><figure><img loading=\"lazy\" decoding=\"async\" width=\"1024\" height=\"1024\" src=\"https:\/\/katzemall.store\/wordpress\/wp-content\/uploads\/2020\/01\/2018-06-06-09.05.05-1795570505224090269_7438267835-1024x1024.jpg\" alt=\"Katezmall Versand\" data-id=\"206\" data-full-url=\"https:\/\/katzemall.store\/wordpress\/wp-content\/uploads\/2020\/01\/2018-06-06-09.05.05-1795570505224090269_7438267835.jpg\" data-link=\"https:\/\/katzemall.store\/?attachment_id=206\" class=\"wp-image-206\" srcset=\"https:\/\/katzemall.store\/wordpress\/wp-content\/uploads\/2020\/01\/2018-06-06-09.05.05-1795570505224090269_7438267835-1024x1024.jpg 1024w, https:\/\/katzemall.store\/wordpress\/wp-content\/uploads\/2020\/01\/2018-06-06-09.05.05-1795570505224090269_7438267835-300x300.jpg 300w, https:\/\/katzemall.store\/wordpress\/wp-content\/uploads\/2020\/01\/2018-06-06-09.05.05-1795570505224090269_7438267835-150x150.jpg 150w, https:\/\/katzemall.store\/wordpress\/wp-content\/uploads\/2020\/01\/2018-06-06-09.05.05-1795570505224090269_7438267835-768x768.jpg 768w, https:\/\/katzemall.store\/wordpress\/wp-content\/uploads\/2020\/01\/2018-06-06-09.05.05-1795570505224090269_7438267835-324x324.jpg 324w, https:\/\/katzemall.store\/wordpress\/wp-content\/uploads\/2020\/01\/2018-06-06-09.05.05-1795570505224090269_7438267835-416x416.jpg 416w, https:\/\/katzemall.store\/wordpress\/wp-content\/uploads\/2020\/01\/2018-06-06-09.05.05-1795570505224090269_7438267835-100x100.jpg 100w, https:\/\/katzemall.store\/wordpress\/wp-content\/uploads\/2020\/01\/2018-06-06-09.05.05-1795570505224090269_7438267835.jpg 1080w\" sizes=\"auto, (max-width: 1024px) 100vw, 1024px\" \/><\/figure><\/li><\/ul><\/figure>\n\n\n\n<p>Viele verschiedene Gr\u00f6\u00dfen wurden ausprobiert mit dem Ziel eine Unisize M\u00fctze zu entwerfen. Dabei haben sich die optimale M\u00fctzenl\u00e4nge und -breite dank vieler warmer K\u00f6pfe eingependelt. Die M\u00fctze kann so als Beanie, umgeschlagen, mit Zopf, offenen Haaren sowie mit kurzen Haaren getragen werden. Sie passt sich dem Kopf selbst an. Kinder k\u00f6nnen die M\u00fctze tragen indem sie die M\u00fctze etwas weiter umschlagen, was zu einem weit \u00fcber die Ohren reichenden doppelten W\u00e4rmeschutz f\u00fchrt. Nur f\u00fcr Babys werden kleinere M\u00fctzen hergestellt, wobei auch diese durch das Unisizekonzept mit dem Kopf mitwachsen und so die kleinen eine ganze Weile begleiten k\u00f6nnen. <\/p>\n\n\n\n<figure class=\"wp-block-gallery columns-3 is-cropped wp-block-gallery-4 is-layout-flex wp-block-gallery-is-layout-flex\"><ul class=\"blocks-gallery-grid\"><li class=\"blocks-gallery-item\"><figure><img loading=\"lazy\" decoding=\"async\" width=\"1000\" height=\"556\" src=\"https:\/\/katzemall.store\/wordpress\/wp-content\/uploads\/2019\/04\/P1006241.jpg\" alt=\"\" data-id=\"126\" data-full-url=\"https:\/\/katzemall.store\/wordpress\/wp-content\/uploads\/2019\/04\/P1006241.jpg\" data-link=\"https:\/\/katzemall.store\/?attachment_id=126\" class=\"wp-image-126\" srcset=\"https:\/\/katzemall.store\/wordpress\/wp-content\/uploads\/2019\/04\/P1006241.jpg 1000w, https:\/\/katzemall.store\/wordpress\/wp-content\/uploads\/2019\/04\/P1006241-300x167.jpg 300w, https:\/\/katzemall.store\/wordpress\/wp-content\/uploads\/2019\/04\/P1006241-768x427.jpg 768w, https:\/\/katzemall.store\/wordpress\/wp-content\/uploads\/2019\/04\/P1006241-416x231.jpg 416w\" sizes=\"auto, (max-width: 1000px) 100vw, 1000px\" \/><\/figure><\/li><li class=\"blocks-gallery-item\"><figure><img loading=\"lazy\" decoding=\"async\" width=\"1024\" height=\"1024\" src=\"https:\/\/katzemall.store\/wordpress\/wp-content\/uploads\/2020\/01\/2019-06-02-14.29.26-2057377788463260812_7438267835-1024x1024.jpg\" alt=\"Katzemall Lil Alva Garten\" data-id=\"177\" data-full-url=\"https:\/\/katzemall.store\/wordpress\/wp-content\/uploads\/2020\/01\/2019-06-02-14.29.26-2057377788463260812_7438267835.jpg\" data-link=\"https:\/\/katzemall.store\/?attachment_id=177\" class=\"wp-image-177\" srcset=\"https:\/\/katzemall.store\/wordpress\/wp-content\/uploads\/2020\/01\/2019-06-02-14.29.26-2057377788463260812_7438267835-1024x1024.jpg 1024w, https:\/\/katzemall.store\/wordpress\/wp-content\/uploads\/2020\/01\/2019-06-02-14.29.26-2057377788463260812_7438267835-300x300.jpg 300w, https:\/\/katzemall.store\/wordpress\/wp-content\/uploads\/2020\/01\/2019-06-02-14.29.26-2057377788463260812_7438267835-150x150.jpg 150w, https:\/\/katzemall.store\/wordpress\/wp-content\/uploads\/2020\/01\/2019-06-02-14.29.26-2057377788463260812_7438267835-768x768.jpg 768w, https:\/\/katzemall.store\/wordpress\/wp-content\/uploads\/2020\/01\/2019-06-02-14.29.26-2057377788463260812_7438267835-324x324.jpg 324w, https:\/\/katzemall.store\/wordpress\/wp-content\/uploads\/2020\/01\/2019-06-02-14.29.26-2057377788463260812_7438267835-416x416.jpg 416w, https:\/\/katzemall.store\/wordpress\/wp-content\/uploads\/2020\/01\/2019-06-02-14.29.26-2057377788463260812_7438267835-100x100.jpg 100w, https:\/\/katzemall.store\/wordpress\/wp-content\/uploads\/2020\/01\/2019-06-02-14.29.26-2057377788463260812_7438267835.jpg 1080w\" sizes=\"auto, (max-width: 1024px) 100vw, 1024px\" \/><\/figure><\/li><li class=\"blocks-gallery-item\"><figure><img loading=\"lazy\" decoding=\"async\" width=\"1000\" height=\"750\" src=\"https:\/\/katzemall.store\/wordpress\/wp-content\/uploads\/2019\/04\/P1006343.jpg\" alt=\"Katzemall Wendisch M\u00fctzenturm\" data-id=\"103\" data-full-url=\"https:\/\/katzemall.store\/wordpress\/wp-content\/uploads\/2019\/04\/P1006343.jpg\" data-link=\"https:\/\/katzemall.store\/?attachment_id=103\" class=\"wp-image-103\" srcset=\"https:\/\/katzemall.store\/wordpress\/wp-content\/uploads\/2019\/04\/P1006343.jpg 1000w, https:\/\/katzemall.store\/wordpress\/wp-content\/uploads\/2019\/04\/P1006343-300x225.jpg 300w, https:\/\/katzemall.store\/wordpress\/wp-content\/uploads\/2019\/04\/P1006343-768x576.jpg 768w, https:\/\/katzemall.store\/wordpress\/wp-content\/uploads\/2019\/04\/P1006343-416x312.jpg 416w\" sizes=\"auto, (max-width: 1000px) 100vw, 1000px\" \/><\/figure><\/li><\/ul><\/figure>\n\n\n\n<p>Wir sind wahnsinnig gl\u00fccklich und \u00fcberw\u00e4ltigt, dass die Katzemall Wendem\u00fctze miterweile soviele K\u00f6pfe w\u00e4rmt und viele Menschen Tag ein Tag aus begleitet. Das Wichtigste ist f\u00fcr uns seit jeher, dass die M\u00fctzen Menschen gl\u00fccklich machen und wo immer dies gelingt sind wir dankbar. Kunden und Freunde deren einmalige farbliche Sch\u00f6pfungen wir bereits umsetzen und genie\u00dfen durften geben uns Inspiration und Frohsinn! <\/p>\n\n\n\n<figure class=\"wp-block-gallery columns-1 is-cropped wp-block-gallery-5 is-layout-flex wp-block-gallery-is-layout-flex\"><ul class=\"blocks-gallery-grid\"><li class=\"blocks-gallery-item\"><figure><img loading=\"lazy\" decoding=\"async\" width=\"1024\" height=\"1024\" src=\"https:\/\/katzemall.store\/wordpress\/wp-content\/uploads\/2020\/01\/2018-06-25-17.54.17-1809607594743769786_7438267835-1024x1024.jpg\" alt=\"KM Woody Present\" data-id=\"196\" data-full-url=\"https:\/\/katzemall.store\/wordpress\/wp-content\/uploads\/2020\/01\/2018-06-25-17.54.17-1809607594743769786_7438267835.jpg\" data-link=\"https:\/\/katzemall.store\/?attachment_id=196\" class=\"wp-image-196\" srcset=\"https:\/\/katzemall.store\/wordpress\/wp-content\/uploads\/2020\/01\/2018-06-25-17.54.17-1809607594743769786_7438267835-1024x1024.jpg 1024w, https:\/\/katzemall.store\/wordpress\/wp-content\/uploads\/2020\/01\/2018-06-25-17.54.17-1809607594743769786_7438267835-300x300.jpg 300w, https:\/\/katzemall.store\/wordpress\/wp-content\/uploads\/2020\/01\/2018-06-25-17.54.17-1809607594743769786_7438267835-150x150.jpg 150w, https:\/\/katzemall.store\/wordpress\/wp-content\/uploads\/2020\/01\/2018-06-25-17.54.17-1809607594743769786_7438267835-768x768.jpg 768w, https:\/\/katzemall.store\/wordpress\/wp-content\/uploads\/2020\/01\/2018-06-25-17.54.17-1809607594743769786_7438267835-324x324.jpg 324w, https:\/\/katzemall.store\/wordpress\/wp-content\/uploads\/2020\/01\/2018-06-25-17.54.17-1809607594743769786_7438267835-416x416.jpg 416w, https:\/\/katzemall.store\/wordpress\/wp-content\/uploads\/2020\/01\/2018-06-25-17.54.17-1809607594743769786_7438267835-100x100.jpg 100w, https:\/\/katzemall.store\/wordpress\/wp-content\/uploads\/2020\/01\/2018-06-25-17.54.17-1809607594743769786_7438267835.jpg 1080w\" sizes=\"auto, (max-width: 1024px) 100vw, 1024px\" \/><\/figure><\/li><\/ul><\/figure>\n\n\n\n<p><a href=\"https:\/\/katzemall.store\/wordpress\/?product_cat=muetzen\">Zu den aktuell im Shop verf\u00fcgbaren M\u00fctzen-><\/a><\/p>\n\n\n\n<p><\/p>\n","protected":false},"excerpt":{"rendered":"<p>Die erste Katzemall Wendem\u00fctze entstand bereits 2011 w\u00e4hrend Mathias Studienzeit in Kufstein. Als er einen Kommilitonen beim H\u00e4keln einer M\u00fctze beobachtete dauerte es nicht lange, bis er sich selbst eine M\u00fctze h\u00e4kelte. Schon bald fragten Freunde ob sie auch eine M\u00fctze in dieser oder jener Farbe bekommen k\u00f6nnten. So wurde aus einer M\u00fctze schnell zwei [&hellip;]<\/p>\n","protected":false},"author":1,"featured_media":0,"parent":0,"menu_order":0,"comment_status":"closed","ping_status":"closed","template":"","meta":{"jetpack_post_was_ever_published":false,"footnotes":""},"class_list":["post-317","page","type-page","status-publish","hentry"],"jetpack_sharing_enabled":true,"jetpack_shortlink":"https:\/\/wp.me\/PaU2n3-57","_links":{"self":[{"href":"https:\/\/katzemall.store\/index.php?rest_route=\/wp\/v2\/pages\/317","targetHints":{"allow":["GET"]}}],"collection":[{"href":"https:\/\/katzemall.store\/index.php?rest_route=\/wp\/v2\/pages"}],"about":[{"href":"https:\/\/katzemall.store\/index.php?rest_route=\/wp\/v2\/types\/page"}],"author":[{"embeddable":true,"href":"https:\/\/katzemall.store\/index.php?rest_route=\/wp\/v2\/users\/1"}],"replies":[{"embeddable":true,"href":"https:\/\/katzemall.store\/index.php?rest_route=%2Fwp%2Fv2%2Fcomments&post=317"}],"version-history":[{"count":6,"href":"https:\/\/katzemall.store\/index.php?rest_route=\/wp\/v2\/pages\/317\/revisions"}],"predecessor-version":[{"id":334,"href":"https:\/\/katzemall.store\/index.php?rest_route=\/wp\/v2\/pages\/317\/revisions\/334"}],"wp:attachment":[{"href":"https:\/\/katzemall.store\/index.php?rest_route=%2Fwp%2Fv2%2Fmedia&parent=317"}],"curies":[{"name":"wp","href":"https:\/\/api.w.org\/{rel}","templated":true}]}}