{"id":499,"date":"2020-10-01T12:56:44","date_gmt":"2020-10-01T10:56:44","guid":{"rendered":"https:\/\/katzemall.store\/?page_id=499"},"modified":"2023-10-20T23:03:18","modified_gmt":"2023-10-20T21:03:18","slug":"frage-antwort","status":"publish","type":"page","link":"https:\/\/katzemall.store\/?page_id=499","title":{"rendered":"Frage &#8211; Antwort"},"content":{"rendered":"\n<p><strong>Wer oder Was ist Katzemall?<\/strong><\/p>\n\n\n\n<p>Katzemall sorgt f\u00fcr einen warmen Kopf. Katzemall sitzt in Sailauf und produziert und vertreibt M\u00fctzen, Schals und Stirnb\u00e4nder. Im Blogartikel <a href=\"https:\/\/katzemall.store\/?page_id=2\">\u00dcber Katzemall<\/a> k\u00f6nnt ihr mehr zum Unternehmen lesen! Im Beitrag zur <a href=\"https:\/\/katzemall.store\/?page_id=317\">Wendem\u00fctze<\/a> erz\u00e4hlen wir unsere Unternehmensgeschichte.<\/p>\n\n\n\n<p><strong>Lieferung<\/strong><\/p>\n\n\n\n<p>Wir liefern auf dem Postweg mit der Deutschen Post DHL. Die Lieferung erfolgt nach Zahlungseingang innerhalb von 2-5 Werktagen. Wir bem\u00fchen uns stets die Lieferung schnellstm\u00f6glich zu gew\u00e4hrleisten. F\u00fcr weitere Informationen lohnt ein Blick in die <a href=\"https:\/\/katzemall.store\/?page_id=148\">Versandbestimmungen.<\/a><\/p>\n\n\n\n<p>Die pers\u00f6nliche Abholung in unserem Werk in 63877 Sailauf ist nach Absprache und Terminvergabe selbstverst\u00e4ndlich kostenfrei m\u00f6glich.<\/p>\n\n\n\n<p><strong>Zahlung<\/strong><\/p>\n\n\n\n<p>Die Zahlung erfolgt per Vorkasse via Paypal oder per Bank\u00fcberweisung bzw. Barzahlung bei Abholung.<\/p>\n\n\n\n<p><strong>Was steht hinter dem Design der Katzemall Produkte?<\/strong><\/p>\n\n\n\n<p>Bei der Produktion folgen wir immer den Prinzipien: Offenheit, Kreativit\u00e4t und Stiltreue.<\/p>\n\n\n\n<p>Unsere Produkte wurden in den letzten Jahren von Katzemall selbst designet und entwickelt. Dank der 20 verschiedenen vorr\u00e4tigen Wollfarben, sind zahllose Kombinationen m\u00f6glich. Wir haben viele individuelle M\u00fctzen f\u00fcr und mit unseren Kunden und Freunden produziert und unsere schlichten Lieblingsmodelle in die Standart Produktlinie \u00fcberf\u00fchrt. <\/p>\n\n\n\n<p>Wir w\u00fcnschen uns, Produkte f\u00fcr ein ganzes Leben zu produzieren und zu verkaufen. <\/p>\n\n\n\n<p>Ganz besonders viel Spa\u00df macht uns das Entwickeln von individuellen M\u00fctzen. Die Vision unserer Kunden kombiniert mit unserer direkten, auf Erfahrung basierender Beratung hat schon den ein oder anderen &#8222;Hingucker&#8220; hervorgebracht. Schaut in die <a href=\"https:\/\/katzemall.store\/?page_id=43\">Impressionen<\/a> oder bestellt einfach eine <a href=\"https:\/\/katzemall.store\/?post_type=product&amp;p=495&amp;preview=true\">Katzemall Wendisch Individuell<\/a> um selbst Teil der Entwicklung zu werden!  <\/p>\n\n\n\n<p><strong>Unsere Werkstatt<\/strong><\/p>\n\n\n\n<p>Unsere Werkstatt befindet sich in Sailauf. Nach Terminvereinbarung kann eine Werkstattbesichtigung stattfinden.  Die M\u00f6glichkeit bei der Produktion der M\u00fctzen und Co. live dabei zu sein, bietet einmalige Einblicke und die M\u00f6glichkeit aktiv in die Gestaltung der Produkte einzugreifen. Besonders Kinder genie\u00dfen es sehr, Schritt f\u00fcr Schritt Ihre eigene M\u00fctze zu gestalten. Wir nehmen uns auch gerne die Zeit kleinen Gruppen oder Individuen Einblicke in die Branche und Produktionsweisen zu geben.  <\/p>\n\n\n\n<p>Wir freuen uns immer \u00fcber Besuch und eure Fragen! <\/p>\n\n\n\n<p><strong>Wolle<\/strong><\/p>\n\n\n\n<p>Unsere Wolle haben wir selbst und direkt aus Kolumbien importiert.&nbsp;Sie enth\u00e4lt 15% Alpaka und 5 % Baumwolle und kann w\u00e4rmen, atmen, ist weich und besticht durch die nat\u00fcrlichen Farbt\u00f6ne. Derzeit haben wir 20 Farbt\u00f6ne die kaum W\u00fcnsche \u00fcbrig lassen.<\/p>\n\n\n\n<p><strong>Was ist Katzemall Musik<\/strong><\/p>\n\n\n\n<p>Da wir Musik lieben, selbst gerne musizieren und Musiker und K\u00fcnstler gerne f\u00f6rdern m\u00f6chten, veranstalten wir unsere Katzemall Music Chilli Sessions(KMCS). KMCS ist eine Werkstattkonzertreihe in der im Stil der Tiny Desk Concerts kurze und puristische Konzerte aufgezeichnet und produziert werden. Die fertigen Videos werden auf Youtube und in unserer <a href=\"https:\/\/katzemall.store\/?page_id=51\">Musikabteilung<\/a> ver\u00f6ffentlicht.<\/p>\n\n\n\n<p>Wenn ihr als Solok\u00fcnstler oder mit eurer Band Teil der KMCS werden m\u00f6chtet, schreibt uns eine Mail an <a href=\"mailto:kmcs@katzemall.de\">kmcs@katzemall.de<\/a>!<\/p>\n\n\n\n<p><strong>Jobs<\/strong><\/p>\n\n\n\n<p>Aktuell haben wir keine offenen Stellen. F\u00fcr Initiativ- oder Praktika-Bewerbungen schreibt eine Mail an <a href=\"mailto:matze@katzemall.store\">matze@katzemall.store<\/a>.<\/p>\n\n\n\n<p><strong>Kontakt<\/strong><\/p>\n\n\n\n<p>Wenn ihr noch offene Fragen habt, euch mit uns treffen m\u00f6chtet oder einfach Kontakt aufnehmen m\u00f6chtet, schreibt eine Mail an <a href=\"mailto:matze@katzemall.store\">matze@katzemall.store<\/a>. Wir freuen uns \u00fcber jede Kontaktaufnahme! <\/p>\n\n\n\n<p><\/p>\n\n\n\n<p><\/p>\n","protected":false},"excerpt":{"rendered":"<p>Wer oder Was ist Katzemall? Katzemall sorgt f\u00fcr einen warmen Kopf. Katzemall sitzt in Sailauf und produziert und vertreibt M\u00fctzen, Schals und Stirnb\u00e4nder. Im Blogartikel \u00dcber Katzemall k\u00f6nnt ihr mehr zum Unternehmen lesen! Im Beitrag zur Wendem\u00fctze erz\u00e4hlen wir unsere Unternehmensgeschichte. Lieferung Wir liefern auf dem Postweg mit der Deutschen Post DHL. Die Lieferung erfolgt [&hellip;]<\/p>\n","protected":false},"author":1,"featured_media":0,"parent":0,"menu_order":0,"comment_status":"closed","ping_status":"closed","template":"","meta":{"jetpack_post_was_ever_published":false,"footnotes":""},"class_list":["post-499","page","type-page","status-publish","hentry"],"jetpack_sharing_enabled":true,"jetpack_shortlink":"https:\/\/wp.me\/PaU2n3-83","_links":{"self":[{"href":"https:\/\/katzemall.store\/index.php?rest_route=\/wp\/v2\/pages\/499","targetHints":{"allow":["GET"]}}],"collection":[{"href":"https:\/\/katzemall.store\/index.php?rest_route=\/wp\/v2\/pages"}],"about":[{"href":"https:\/\/katzemall.store\/index.php?rest_route=\/wp\/v2\/types\/page"}],"author":[{"embeddable":true,"href":"https:\/\/katzemall.store\/index.php?rest_route=\/wp\/v2\/users\/1"}],"replies":[{"embeddable":true,"href":"https:\/\/katzemall.store\/index.php?rest_route=%2Fwp%2Fv2%2Fcomments&post=499"}],"version-history":[{"count":8,"href":"https:\/\/katzemall.store\/index.php?rest_route=\/wp\/v2\/pages\/499\/revisions"}],"predecessor-version":[{"id":629,"href":"https:\/\/katzemall.store\/index.php?rest_route=\/wp\/v2\/pages\/499\/revisions\/629"}],"wp:attachment":[{"href":"https:\/\/katzemall.store\/index.php?rest_route=%2Fwp%2Fv2%2Fmedia&parent=499"}],"curies":[{"name":"wp","href":"https:\/\/api.w.org\/{rel}","templated":true}]}}