{"id":60,"date":"2019-04-16T20:09:37","date_gmt":"2019-04-16T18:09:37","guid":{"rendered":"https:\/\/katzemall.store\/wordpress\/?page_id=60"},"modified":"2020-01-06T20:37:52","modified_gmt":"2020-01-06T19:37:52","slug":"media","status":"publish","type":"page","link":"https:\/\/katzemall.store\/?page_id=60","title":{"rendered":"Media"},"content":{"rendered":"\n<p>Katzemall m\u00f6chte K\u00fcnstlern und Initiativen eine Plattform bieten. Aktuell gibt es die &#8222;Katzemall Music Chilli Session&#8220; ein Musikshow Format in dem Musiker und Bands als G\u00e4ste auftreten. Dabei werden Sie von Katzemall Gr\u00fcnder Mathias Karl und DJ <a href=\"https:\/\/soundcloud.com\/andipaedagoge\">Mayer on Fire<\/a>  durch die Show gef\u00fchrt und zu Ihrer Kunst befragt. <\/p>\n\n\n\n<p>Aktuell wird die erste Staffel der &#8222;Katzemall Music Chilli Session&#8220; abgedreht. Mehr Infos unter &#8222;<a href=\"https:\/\/katzemall.store\/wordpress\/?page_id=51\">Musik<\/a>&#8222;<\/p>\n\n\n\n<p>Die Darstellung in Bildern ist Teil unserer Geschichte. Mehr Infos gibt es hier unter &#8222;<a href=\"https:\/\/katzemall.store\/wordpress\/?page_id=43\">Impressionen<\/a>&#8222;<\/p>\n","protected":false},"excerpt":{"rendered":"<p>Katzemall m\u00f6chte K\u00fcnstlern und Initiativen eine Plattform bieten. Aktuell gibt es die &#8222;Katzemall Music Chilli Session&#8220; ein Musikshow Format in dem Musiker und Bands als G\u00e4ste auftreten. Dabei werden Sie von Katzemall Gr\u00fcnder Mathias Karl und DJ Mayer on Fire durch die Show gef\u00fchrt und zu Ihrer Kunst befragt. Aktuell wird die erste Staffel der [&hellip;]<\/p>\n","protected":false},"author":1,"featured_media":0,"parent":0,"menu_order":0,"comment_status":"closed","ping_status":"closed","template":"","meta":{"jetpack_post_was_ever_published":false,"footnotes":""},"class_list":["post-60","page","type-page","status-publish","hentry"],"jetpack_sharing_enabled":true,"jetpack_shortlink":"https:\/\/wp.me\/PaU2n3-Y","_links":{"self":[{"href":"https:\/\/katzemall.store\/index.php?rest_route=\/wp\/v2\/pages\/60","targetHints":{"allow":["GET"]}}],"collection":[{"href":"https:\/\/katzemall.store\/index.php?rest_route=\/wp\/v2\/pages"}],"about":[{"href":"https:\/\/katzemall.store\/index.php?rest_route=\/wp\/v2\/types\/page"}],"author":[{"embeddable":true,"href":"https:\/\/katzemall.store\/index.php?rest_route=\/wp\/v2\/users\/1"}],"replies":[{"embeddable":true,"href":"https:\/\/katzemall.store\/index.php?rest_route=%2Fwp%2Fv2%2Fcomments&post=60"}],"version-history":[{"count":2,"href":"https:\/\/katzemall.store\/index.php?rest_route=\/wp\/v2\/pages\/60\/revisions"}],"predecessor-version":[{"id":316,"href":"https:\/\/katzemall.store\/index.php?rest_route=\/wp\/v2\/pages\/60\/revisions\/316"}],"wp:attachment":[{"href":"https:\/\/katzemall.store\/index.php?rest_route=%2Fwp%2Fv2%2Fmedia&parent=60"}],"curies":[{"name":"wp","href":"https:\/\/api.w.org\/{rel}","templated":true}]}}